
1
Calculate (-12 - -9) + (-1 + 1 - -6).
3
What is the value of 26 + -28 - (-1 - 5)?
4
What is 9 + -2 + 3 + -87 + 85?
8
Evaluate 1 + 1 - (5 + -6 + 3).
0
What is 2 + (-1 + 5 - 2)?
4
What is the value of (4 - (14 + -4)) + 7 + -1?
0
What is -4 + 0 - (-9 - -5)?
0
Evaluate -4 + (-9 - (-6 + -10)).
3
What is the value of 2 + (-3 - (-1 - 3))?
3
Calculate 4 + (-3 - -1) + -4 - -5.
3
(0 + 0 - (42 + -46)) + -1
3
Evaluate 2 + 0 + 3 - 4 - -3.
4
Calculate -5 + 2 - (-7 + 16 - 4).
-8
(9 - 9) + (-1 - (2 + 0))
-3
What is the value of -3 + (-5 - (7 + -11))?
-4
What is the value of -15 + (3 - (4 + -16 + 8))?
-8
Evaluate (-6 - (0 - 6)) + 1.
1
-8 + (6 - (4 - 6))
0
Calculate 6 - ((-31 - -29) + (-1 - -8)).
1
What is the value of -7 - (12 - (4 + 7))?
-8
8 - (11 - 3 - -3)
-3
What is 3 + (0 - -4 - 16) + 4?
-5
What is -6 - (2 - (-3 + 6))?
-5
2 - (-1 + 6 - (-2 - -6))
1
8 + (1 - 1 - (13 - 11))
6
What is 0 + (1 - (-3 + 2)) + -4?
-2
Calculate (-1 - (4 + -8 - -4)) + 4.
3
0 + 0 - (4 - 0)
-4
What is (-1 - -5 - (24 + -18)) + 0?
-2
What is 1 + -5 - ((-3 - -6) + -9)?
2
Evaluate 4 + -1 + -2 - (7 - 10).
4
Evaluate 6 + (9 + (-3 - 13) - 5).
-6
Evaluate -6 - (4 + 0) - 1 - -6.
-5
Evaluate 2 - ((-2 - -8) + -2) - -7.
5
-2 - (4 + -6 + 0)
0
-11 - (10 + -9 - 9)
-3
Calculate (-8 - -10) + -9 + 2.
-5
Calculate 4 + 2 + 0 + -4 + -4.
-2
12 - (23 + -8 - 8)
5
0 - 3 - 6 - -6
-3
Calculate 7 + (7 - 11) + -1.
2
What is the value of -1 - (-8 - -5) - (-2 - -5)?
-1
Calculate 5 - ((5 - (5 + -3)) + -3).
5
What is 10 + -3 - 5 - (8 + 1)?
-7
Calculate (-2 - -1) + 2 - (-224 - -224).
1
Evaluate -2 + (-5 - -1) - 0 - -7.
1
Evaluate 0 + (-4 - (3 + -10)).
3
Evaluate -1 + (10 - 7) + -6.
-4
Calculate -4 - 2 - (-3 + -4 + 4).
-3
Evaluate 90 - 80 - ((9 - 1) + 0).
2
What is -4 + (-2 + 0 - -6 - -3)?
3
-13 - (-16 - 4) - (4 - -1)
2
What is the value of 2 + -2 + 3 - 7 - -2?
-2
Evaluate (-1 + -1 - -2) + (4 - 7).
-3
Evaluate -5 + (-4 - (4 - 6)).
-7
Evaluate -4 + (7 - (1 - -3)) + -2.
-3
What is the value of -52 + 60 - (0 - -12)?
-4
0 + 0 + 50 + -48
2
Calculate (-1 + -1 - 2) + 33 + -25.
4
Evaluate 3 + -6 - (0 + -2).
-1
Evaluate (7 - (24 - 14)) + 0 + 5.
2
Calculate (3 - 5 - -4) + -3 + 5.
4
What is 1 + 1 - (-2 + 9 + -1)?
-4
What is the value of (10 - (-4 - 1 - -5)) + -4?
6
Evaluate -2 + -2 + 3 + 0 + 4.
3
Calculate (8 + -6 - -2) + -1.
3
What is 1 + (2 - 0) + 0?
3
Calculate -5 - 2 - (-88 + 86).
-5
What is 3 - (-2 + -11) - (7 - 1)?
10
Evaluate (8 - 7) + (-6 - -1 - -1).
-3
Evaluate -2 + 4 + -2 + 3.
3
Evaluate 13 - (10 - -5) - 2.
-4
Evaluate 2 + -1 + (1 - 3).
-1
Evaluate (2 + -6 - -4) + -3.
-3
What is the value of 0 + 0 + 0 - (-5 + 1)?
4
What is -1 + 3 - (-8 + (9 - 4))?
5
What is the value of (1 - -1) + (20 - (8 + 8))?
6
What is the value of -15 - -4 - -23 - (6 + -1)?
7
What is the value of (-6 + (0 - 2) - -3) + 1?
-4
-6 + -1 + -2 + 12 + -6
-3
Calculate -1 + -3 + (7 - (13 - 4)).
-6
-7 - -4 - (1 + 1 + -3)
-2
What is 2 + -6 + 1 - (1 - 2)?
-2
Evaluate -11 + 9 + 0 - 2.
-4
-2 + (3 - (-1 - -3))
-1
Calculate -3 + ((6 - 5) + 3 - 2).
-1
(1 - -1) + (-27 - -24)
-1
Evaluate 0 + 4 + -4 + 1.
1
Evaluate (4 - 3) + -1 + 6.
6
Calculate -12 - -12 - -14 - 12.
2
Calculate (3 - -1) + (24 + -11 - 10).
7
What is the value of (14 + (5 - 9) - 6) + 0?
4
Calculate 0 + -8 - (-34 + 0 + 18).
8
Evaluate -3 - 1 - (-1 + -1).
-2
What is the value of -1 - (-1 + -7 - -1) - -5?
11
What is (4 - 2) + (7 - -7) + -8?
8
-4 - (1 - (-1 - -2))
-4
What is -5 - ((4 - 1) + -5)?
-3
What is the value of 2 - (-1 + 1 + (2 - -3))?
-3
What is -3 - (0 + -9 + -2 + 3)?
5
What is 6 - 1 - 1 - (1 - -8)?
-5
-39 - -42 - (-3 + 1 - -12)
-7
Evaluate -10 + (-11 - -4 - -4) + 5.
-8
What is 5 - (0 - ((1 - 3) + -2))?
1
Evaluate (0 - (-6 + 0 - 0)) + -7.
-1
What is (8 - (10 + -12)) + -5?
5
Evaluate 7 + (1 - (5 + -3)) - 2.
4
Evaluate -4 + 0 + -2 - -11.
5
-9 + (8 - 11) + 3
-9
What is the value of -2 + (-2 - -2) - 3?
-5
What is 8 - (-8 - (-27 - -6))?
-5
(-18 - (-2 + -8)) + 5
-3
(-1 - (3 - 0)) + (0 - -1)
-3
-5 + 3 + -2 + -1
-5
Calculate 1 + 0 - (65 - 70).
6
Calculate (-1 - (-3 + 4) - 0) + 1.
-1
-4 - 0 - (35 + -34)
-5
What is -2 + (7 - 8) + (0 - 1)?
-4
What is 0 - 6 - 3 - -4?
-5
Calculate 1 - (-3 - 1 - -2).
3
Calculate 208 + -211 - (-1 - (12 - 0)).
10
Calculate (8 - 0) + (-56 - -45).
-3
15 + -1 + (116 - 120)
10
Evaluate 4 - -2 - (9 - (7 + -10)).
-6
What is -2 - -5 - -1 - (-24 + 30)?
-2
What is the value of 2 + 0 + -1 + -2 + 4?
3
Evaluate 2 - (3 + (2 - 3)).
0
Evaluate -3 + (2 - (2 - (0 - -2))).
-1
What is -7 - (25 - 34 - (-4 + -1))?
-3
What is the value of (1 - (-9 + -3)) + -4?
9
Calculate (0 + 1 - (14 + -11)) + 7.
5
Calculate (1 - 3) + 14 + -12 + 1.
1
Evaluate (5 - (2 - -4)) + 0 - 2.
-3
Evaluate -7 - -9 - (2 - (-2 + -1)).
-3
What is the value of -1 + 2 + 1 + 4 + -4?
2
What is the value of 2 - 11 - (-8 + 2 + 0)?
-3
Evaluate (6 - 5) + 6 + -8.
-1
What is the value of 6 + -19 + 7 - (0 - -1)?
-7
Evaluate -1 + 0 + 9 + (12 - 17).
3
-3 + (11 - 3) + -4
1
9 + 1 + -3 - (1 - -2)
4
Evaluate 16 + (-18 - -10) - (-2 + 1).
9
Evaluate 3 - 5 - -1 - (3 + -5).
1
What is -5 + -3 + 4 - (0 + -2)?
-2
What is 2 - 13 - (-21 + 18)?
-8
Calculate 5 + (-4 - (-1 - -3)).
-1
-8 + 1 + (5 - 0)
-2
Evaluate 2 + 3 - (2 + 3).
0
Calculate -6 - -3 - (1 - (-3 + 3)).
-4
Calculate (27 - 17) + (-4 - 1).
5
5 - (-9 + (-2 - -6))
10
What is (6 - -4) + -10 + 4?
4
What is the value of -4 + (-9 - -21) - 7?
1
1 + (-11 - (7 - 12)) - -11
6
Calculate 4 + -1 + (15 - 16).
2
What is -6 - (9 + 4 - 10)?
-9
What is the value of (1 - -3 - 8) + (3 - 4)?
-5
Calculate (11 - (5 - -6)) + 1 + 1.
2
Evaluate 7 - (-2 - 1 - (-6 + 0)).
4
What is (-3 + 6 - -1 - 6) + 4?
2
3 - (0 + 5 + -7)
5
What is 8 + (13 - 21) - 7?
-7
3 - (1 + -2 + 3 + -3)
4
2 - (4 + -1 - (0 + 5))
4
Evaluate 0 + (-3 + -3 - (13 + -20)).
1
Calculate ((-1 - -3) + 4 - 2) + -4.
0
0 - (-5 + 7) - (-6 + 1)
3
What is the value of (6 - 7) + 1 + -2?
-2
Evaluate -3 + (-2 - (-4 + 2)).
-3
What is the value of (4 - 6) + -6 + 6?
-2
What is the value of 6 - (-2 + (19 - (5 - -3)))?
-3
Calculate -6 - ((6 - 6 - -3) + -4).
-5
What is the value of 11 - (17 - -2 - 3)?
-5
What is -2 + (-3 - 3 - 1) + 4?
-5
(1 - 8) + 10 - 7
-4
-4 + (2 - 2) - -1
-3
Calculate -1 + (0 + 2 - 1).
0
Evaluate (-1 - -1) + -6 + 4.
-2
What is 3 + -3 + -1 + 0?
-1
What is the value of (-15 - -7 - -3) + -3 + 8?
0
Evaluate (3 - (2 - 3)) + -8.
-4
What is the value of -1 - (-4 + 0 + (7 - 2))?
-2
Evaluate (-1 - 2) + 1 + 3.
1
-1 - (3 - (6 - 0 - -1))
3
-8 - (8 + -16) - 7
-7
Calculate -6 - -1 - (-12 + (0 - -10)).
-3
-12 + (-6 - -15) + 9
6
Calculate -1 - (-6 - -3) - (-2 + 1).
3
What is the value of 0 + -2 + (-1 - 1)?
-4
6 + -9 + (-1 - -1) + -2
-5
What is the value of (-6 - -2) + (-2 - 2) + 3?
-5
What is the value of (-4 - -3) + 12 + -6?
5
What is 3 + -2 + -3 + 3?
1
What is the value of 9 + -5 + -6 - (-7 - 1)?
6
Calculate -8 - ((3 + 0 - 5) + -4).
-2
1 + 0 + (11 - 15) + 8
5
Calculate 0 + -3 - (-10 + 1 + 4).
2
What is (-1 - (4 - (10 - 4))) + -3?
-2
What is 9 + (-2 - (2 + -1))?
6
12 + -5 + 0 + -2
5
Calculate 6 + 1 + -4 - -2.
5
(-4 + 12 - 10) + (4 - 1)
1
What is 7 - ((7 - 17) + 12)?
5
What is 3 + 4 + -3 + 0?
4
(-4 - (3 + -8 + -2)) + -6
-3
What is -7 + 18 + -3 + -2 + -4?
2
Evaluate -1 - (3 + -5 - -2) - -3.
2
Evaluate 1 + -15 - (33 + -36).
-11
What is -4 + (-5 - (-19 + 12))?
-2
Calculate (-10 + 9 - 1) + -6.
-8
What is the value of -9 + (-1 - -8 - (1 - -2))?
-5
What is the value of (4 + -1 - 1) + (15 - 10)?
7
What is -17 + 13 + 3 + (-6 - 0)?
-7
What is the value of 2 + 1 - ((-7 - -5) + 1)?
4
Calculate (-3 - 1) + 6 + -3.
-1
Evaluate (8 + -5 - -4) + -6.
1
Evaluate -8 + 5 + -10 + 6.
-7
What is the value of 4 + -3 + -1 + -15 + 6?
-9
Calculate -22 + 20 - (0 + -4).
2
-4 + 1 + -2 - 0
-5
What is -20 - (-9 + 5) - -7?
-9
What is the value of 4 - -2 - (-5 + 6)?
5
Calculate -5 + -2 + 11 + -9 + 7.
2
What is 13 + -14 - 2 - (-2 - 4)?
3
Calculate 1 + -1 - (19 + -11 + -9).
1
Evaluate 1 - (0 - (1 - -6 - 6)).
2
(-1 + (-5 - -6) - 1) + -7
-8
What is (17 - 5) + (12 + -6 - 12)?
6
Calculate -1 + 1 + 7 + -4 - 6.
-3
What is the value of 3 + (-9 - (8 - 6))?
-8
Evaluate (-13 + 5 - -6) + (-1 - -5).
2
Calculate (2 - -4 - 4) + -6.
-4
(-6 - (-13 - -6)) + 1
2
Evaluate -25 + 28 + 3 + -1.
5
What is (-7 - -7) + 0 + -4?
-4
What is the value of -7 - (11 - 24 - -1)?
5
What is -4 + 4 - (8 + -4)?
-4
Calculate 7 + -12 + (2 - (-3